4*w. Let s = -111 + x. What are the prime factors of s?
53
Suppose 5*k = -5*k + 12800. List the prime factors of k.
2, 5
Suppose -4*v + 2120 = -2*v + 4*k, 0 = -5*v - 4*k + 5282. What are the prime factors of v?
2, 17, 31
Let t(y) = -6 + 7 + 5*y**2 + y**2 + y. Let c(u) = u**2 + 6*u - 2. Let s be c(-6). What are the prime factors of t(s)?
23
Suppose -5*f = 3*s - 584, 0 = -3*s + 2*f - 3*f + 568. Suppose -3*g + 15 = 3*u, 0 = 2*g - 4*g - 5*u + 7. Suppose 2*n + s = g*n. List the prime factors of n.
47
Suppose -3*z + 2528 - 7483 = -5*c, -c + 3*z + 979 = 0. What are the prime factors of c?
2, 7, 71
Let d(s) = 2*s**3 + 9*s**2 - 3*s + 25. What are the prime factors of d(9)?
5, 19, 23
List the prime factors of (108/8)/3*110.
3, 5, 11
Let x = 2335 + -1040. What are the prime factors of x?
5, 7, 37
Suppose q + 3 = t + 4*t, -t = 2*q - 38. Suppose f = -m + q, 2*m = m - 2. List the prime factors of f.
19
Suppose -2*t - 2*a + 38 = a, -2*a = -5*t + 133. What are the prime factors of (-1496)/(-10) - 15/t?
149
Let t = 2 - -2. Suppose -75 = -2*v + 3*o, t*v - v = -5*o + 160. List the prime factors of v.
3, 5
Suppose -105*r + 103*r = -1108. List the prime factors of r.
2, 277
Let z(m) = -23*m + 1231. What are the prime factors of z(0)?
1231
Let h(a) = 85*a + 1. Let t be h(1). Let n = 124 - t. What are the prime factors of n?
2, 19
Suppose 5*d - 196 = 3*d. Let w = -27 + d. What are the prime factors of w?
71
Let l = 934 - 393. What are the prime factors of l?
541
Suppose -6*v + 104 = -58. List the prime factors of v.
3
Suppose w + 1122 = 5*a, 10*a - 5*w - 1110 = 5*a. What are the prime factors of a?
3, 5
Let v be 88/14 - (-8)/(-28). Suppose -5*y = -y - 64. List the prime factors of (126/24)/(v/y).
2, 7
Suppose 2*c + 0*c = 8. Suppose 9*o - c*o = 5, 3*t = -4*o - 2267. What are the prime factors of (-34)/(-187) - t/11?
3, 23
Suppose -12675 = -63*j + 50*j. What are the prime factors of j?
3, 5, 13
Suppose 18*g + 42112 = 65*g. List the prime factors of g.
2, 7
Let x = 805 - 264. What are the prime factors of x?
541
Let s be ((-10)/8)/(-5)*20. Let z = 5 - s. List the prime factors of 1 - 4 - (z + -50).
47
Suppose 14786 = 5*x + 2*q, 231*q = -4*x + 227*q + 11836. What are the prime factors of x?
2, 739
Let s = 1883 - 936. What are the prime factors of s?
947
Suppose 4*a = -2*f - 41 + 243, -20 = -4*a. What are the prime factors of f?
7, 13
Let k be (0 - 264)/3 + 4. Let q = k + 197. List the prime factors of q.
113
Let n(g) = g**2 - 8*g + 7. Let l be n(9). List the prime factors of (-1 - 1)*(1 + (-1144)/l).
3, 47
Suppose 6*o - 287 - 5509 = 0. List the prime factors of o.
2, 3, 7, 23
Suppose x + 18 = 5*s, -2*x = -4*s + 10 + 8. Suppose -s*i + 4*y = -228, -5*i - 4*y = -y - 351. What are the prime factors of i?
2, 3
Let x = -29 + 34. Suppose -x*v = -v - 244. What are the prime factors of v?
61
Let b = 37 + 769. List the prime factors of b.
2, 13, 31
Let c(h) = 9*h**2 - 9*h. Let j be c(6). Suppose -l = -6*l + j. What are the prime factors of l?
2, 3
Suppose -48 - 36 = 4*l. Let c = l - -42. List the prime factors of c.
3, 7
Suppose 15*o = 130 - 85. Suppose 4*r = 5*k + 204, -4*k - 6 - 10 = 0. Suppose -l + o*z = -23 - 0, -z - r = -2*l. What are the prime factors of l?
23
Let n(f) be the second derivative of f**4/6 + 7*f**3/3 + 8*f**2 + 10*f. List the prime factors of n(-8).
2
Suppose -3*x + 5*x + 16 = 0. Let r(p) = p**3 + 7*p**2 - 10*p + 3. List the prime factors of r(x).
19
Let n be (-6)/(-24) + (-22)/(-8) + 2. Suppose -n*o + 382 = -3*o. What are the prime factors of o?
191
Let f be 2/12 - (-51)/18. Suppose f*o = -4*z - 16 + 51, 4*z = 4*o. Suppose -z*q = -q - 28. What are the prime factors of q?
7
Suppose 6*n = 1039 + 3293. What are the prime factors of n?
2, 19
Let d(y) = y**3 - 8*y**2 + 10*y - 5. Let m be d(7). Let n be (-63)/(-28) - (-1)/(-4). What are the prime factors of 7/n*m/28?
2
Let r = 5 - 16. Let c = r + 13. Suppose 150 = 3*a - c*k + k, 4*a - 190 = -2*k. List the prime factors of a.
7
Suppose 67*i - 72*i + 8695 = 0. What are the prime factors of i?
37, 47
Suppose -4*b = -2*b - 8. Suppose -4*x - 65 + 849 = -b*l, -x + 204 = l. What are the prime factors of x?
2, 5
Let q(k) = -k + 4. Suppose 46 = 4*w - 2. Suppose w = -4*g - 4. List the prime factors of q(g).
2
Let y be (4 + (-35)/10)*-2. What are the prime factors of 1/(y*(-4)/12)?
3
Let l(u) = 26*u - 2. Let y be l(-5). Let d be 1782/(-18) - (-4 + -1). Let g = d - y. What are the prime factors of g?
2, 19
Let k(b) = -b**3 + b**2 + 7*b + 2. Let a be k(-3). Let x(g) = g**3 - 17*g**2 + 3*g + 19. What are the prime factors of x(a)?
2, 5, 7
Let j(q) = -39*q + 3. Let m be j(2). Let i be 2/(-3)*m/2. Let o = -10 + i. What are the prime factors of o?
3, 5
Let y(g) = -83*g + 59. List the prime factors of y(-8).
3, 241
Suppose 0 = -0*a + 4*a. Suppose a*w - 15 = -5*x + 3*w, 0 = x + 5*w + 25. Suppose 6*k + 68 - 236 = x. What are the prime factors of k?
2, 7
What are the prime factors of ((-2)/10)/(10/25)*-726?
3, 11
Suppose 0 = -4*g - 20, 87 + 14 = o - 4*g. Suppose 87 = z - 2*q + 4, z - o = 4*q. Let c = z - 45. What are the prime factors of c?
2, 5
Let b be (-316)/14 + 5 + (-114)/21. Let n(v) = v**3 + 23*v**2 - 4*v - 13. What are the prime factors of n(b)?
79
Let h = -13 + 15. Suppose 0 = h*s - 5*s - 6. Let n = s - -4. List the prime factors of n.
2
Let l = 22 + -11. Suppose 0 = -5*i + 4*o + l, -3*o + 9 = -2*i + 4*i. What are the prime factors of i?
3
Let p be (74/(-3))/(6/9). Suppose -56 = g - 0*g. Let f = p - g. List the prime factors of f.
19
List the prime factors of 5/((-2616)/1328 + 2).
2, 83
Suppose 4*y - 5*q = 13836, 12*y + 10376 = 15*y - 4*q. List the prime factors of y.
2, 433
Suppose -2*i - 38 = -4*m, -107 + 57 = -4*m - 2*i. List the prime factors of m.
11
Suppose -2249 = -m - 4*c, -117*c + 119*c - 8968 = -4*m. List the prime factors of m.
3, 83
Suppose -78 = -4*u + 186. Suppose 5*m - 289 = u. What are the prime factors of m?
71
Let y be ((-1)/(-3))/((-2)/(-126)). Let f = -33 + y. List the prime factors of 2/(-3)*(0 + f).
2
Let s = 520 - 148. List the prime factors of s.
2, 3, 31
Let z(w) = -13*w + 314. List the prime factors of z(-18).
2, 137
Let z(l) = l - 20. Let f be z(11). List the prime factors of (22/6 - 4)*f.
3
Suppose 0 = -4*s - 20, 3*s + 623 = -4*b + 5*b. What are the prime factors of b?
2, 19
List the prime factors of (28/(-84))/((-2)/5244).
2, 19, 23
Let p(s) = -s**2 + 20*s + 8. Let q be p(16). Suppose -3 = t - q. List the prime factors of t.
3, 23
Suppose 1 = -4*n - 3*l, -3*n + 4*l + l = 37. What are the prime factors of (-337)/(-3) + (80/15)/n?
3, 37
Let l = -455 + 699. What are the prime factors of l?
2, 61
Let o(b) = 16*b + 17. Let r(x) = 17*x + 18. Let y(n) = -2*o(n) + 3*r(n). What are the prime factors of y(9)?
191
Suppose 0*r = r - 332. List the prime factors of r.
2, 83
List the prime factors of ((-158)/(-3))/((-14)/(-105)).
5, 79
Let j(g) = -g**3 - 3*g**2 - 3*g - 31. What are the prime factors of j(-8)?
313
Let w(k) = -k**2 - 6*k - 2. Let b be w(-4). Suppose -5*g + 16 = 4*h, 2*g = -h + 4*h - 12. Suppose -n - b = -h*n. What are the prime factors of n?
2
Let l = 274 - 562. Let y = -178 - l. What are the prime factors of y?
2, 5, 11
Let t(w) = 4*w + 22. Let k be t(5). What are the prime factors of (-309)/(-4) - k/(-56)?
2, 3, 13
What are the prime factors of (-16 + 18)*(-1498)/(-4)?
7, 107
Let y(k) = -k**3 - 48 - 15*k**2 + 54 + 2*k + 10*k. What are the prime factors of y(-16)?
2, 5, 7
Suppose -5*m = 4*z - 4834, 5*z - 4*m - 6061 = -m. What are the prime factors of z?
7, 173
Let k(o) = o**3 + o**2 + 3*o + 5. Let l be k(-2). List the prime factors of (((-568)/l)/(-4))/((-10)/50).
2, 71
Let a = 98 + -50. Let j = -116 + a. Let f = -19 - j. List the prime factors of f.
7
Let o(w) be the first derivative of 3*w**4/4 - 2*w**3/3 + w**2 - w + 6. Let n be o(1). Suppose 12 = n*l - 2. List the prime factors of l.
7
Suppose 6*a = 2*a + 700. Let r = -94 + a. List the prime factors of r.
3
List the prime factors of (2/(24/(-159)))/(7/(-336)).
2, 3, 53
What are the prime factors of (602 - (-46)/(-2)) + (0 - 4)?
5, 23
Suppose 5728 = 12*v + 952. List the prime factors of v.
2, 199
Let o(h) = 22*h + 8. List the prime factors of o(1).
2, 3, 5
Suppose 4*a = 2*w + 12, -w + 18 = 5*a - 2*w. Suppose 0 = 3*k - 3*r - 72, 2*r + 3*r =